t p be t(6). Suppose 0 = 2*j + j - p. Let z = 6 - j. What is the units digit of z?
3
Suppose -5*g = -0*g - 35. Let d = 5 + g. What is the units digit of d?
2
Let d = -10 - -23. What is the tens digit of d?
1
Let n(x) = 7*x - 1. Let o(b) = -1. Let g(a) = -8*a + 6. Let h(v) = -g(v) - 4*o(v). Let r(c) = -2*h(c) + 3*n(c). What is the units digit of r(1)?
6
Let f = 109 - 75. What is the tens digit of f?
3
Let v = -44 - 332. What is the units digit of v/(-56) + (-2)/(-7)?
7
What is the units digit of 12/(-36) + (-118)/(-3)?
9
Suppose -g + 0*g - 1 = 0. Let b be (g*(-1 - 0))/(-1). Let z = 9 - b. What is the units digit of z?
0
Let n = -3 + 30. What is the tens digit of n?
2
Suppose -4*o = -2*o + 2*l - 152, 3*o = 3*l + 204. What is the tens digit of o?
7
Let q(t) be the third derivative of t**5/60 - t**3/6 - t**2. What is the units digit of q(2)?
3
Let l(h) be the first derivative of -3*h**2/2 - 7*h + 2. What is the tens digit of l(-7)?
1
Let a = -4 + 10. Let z(w) = -w + 6. Let t be z(a). Let k = t + 4. What is the units digit of k?
4
Suppose -4*g - 2*n = -18, -4*g - n - 2*n + 13 = 0. Let y = 9 + g. What is the units digit of y?
6
Let l(d) = -77*d - 13. What is the hundreds digit of l(-4)?
2
Let i(g) = g + 3. Let h be i(-3). Suppose h*k = -4*v - 4*k + 28, v + 3*k = 13. What is the units digit of v?
4
Let i = -165 + 89. Let u = i - -108. Suppose u = -3*y + 8*y - 2*w, -4 = -w. What is the units digit of y?
8
Let c = -6 + 4. What is the units digit of (-5 - -9) + 5 + c?
7
Let s = 4 - 0. Suppose l + s*l - 30 = 0. What is the units digit of l?
6
Suppose 4*b - 7 = 5. What is the units digit of 122/10 - b/15?
2
Let m be 2 - (2 + -2)/2. Let i be -2 + (9 - 3) + -3. What is the units digit of 4/(1*m/i)?
2
Suppose 0 = x - 0*x. Suppose u - 1 = x, -u = 4*y - 22 - 27. What is the tens digit of y?
1
Let p(x) be the first derivative of -x**4/4 + 10*x**3/3 - 9*x**2/2 + 6*x - 1. What is the units digit of p(9)?
6
Suppose -5*z + 90 = 5. Suppose h - 39 = -4*u, 5*h + 29 + 29 = 3*u. Let c = z - u. What is the units digit of c?
6
Let d be 14/2 + 4/(-2). Suppose -3*q = -5*g + 30, -2*g - d*q - 6 = -3*g. What is the units digit of g?
6
Suppose 2*o + 2*o - 28 = 0. Suppose -h + o = -20. Let w = -11 + h. What is the tens digit of w?
1
Let y(p) = -p + 8. Let m be y(6). Suppose -9 = -5*i + m*i. What is the units digit of i?
3
Suppose 4*x + 3*i + 31 = 0, x + 2*i - 2 = -6. Let r(p) = p**3 + 11*p**2 + 12*p + 11. Let j be r(x). What is the tens digit of 6/j*-21 - -1?
1
Suppose -a + 5*a = 0. Suppose -2*o - 96 = -5*i, a*i - 4*i = 5*o - 57. What is the tens digit of i?
1
Suppose 6*l - 72 = 378. Let o = l + -43. What is the tens digit of o?
3
Let a(d) = -d**3 + 8*d**2 + 22*d - 4. What is the tens digit of a(9)?
1
Let i be 3/(-4) + (-1)/4. What is the units digit of 1/1*-14*i?
4
What is the tens digit of (2/4)/((-6)/(-432))?
3
Let x(u) = -u**3 - 11*u**2 - 2*u + 6. Let j be x(-11). Let w = j - 17. What is the units digit of w?
1
Let m(o) = -o**2 + 12*o + 3. What is the units digit of m(12)?
3
Let o(j) = -j**3 + 9*j**2 + 3*j + 12. What is the tens digit of o(6)?
3
Let s = 620 + -395. What is the hundreds digit of s?
2
Let l = 3 + -3. Let y be 3 + (0/(-3) - l). Suppose -28 + 4 = -y*i. What is the units digit of i?
8
Let t(c) = -c**2 + 7*c + 8. Let n be t(8). Suppose n = -4*p + 5*x + 70 - 10, -5*p + 38 = 3*x. What is the tens digit of p?
1
Suppose 42*n - 170 = 41*n. What is the tens digit of n?
7
Suppose 16*q = 19*q - 198. What is the tens digit of q?
6
Let p be 20*2/6*3. Suppose -4*b - p = -8*b. What is the units digit of b?
5
Let f = -17 - -46. Suppose 3*t = f - 110. Let g = t + 44. What is the units digit of g?
7
Let f be (-2)/(-13) - (-852)/39. Let r = f + 7. What is the units digit of r?
9
Suppose -5*x + 4*p - p = -36, -12 = -2*x + 2*p. What is the units digit of x?
9
Let j = -6 - -3. Let a(g) = -3*g - 2. Let k be a(j). Suppose 0 = w - k + 3. What is the units digit of w?
4
Suppose q - 4*z - 20 = 0, -4*q - 25 = -0*q + 5*z. Suppose -2*b + 6*b - 44 = q. What is the units digit of b?
1
Let m(b) = b**2 + 13*b + 9. Let d be m(-11). Let w = d - -30. What is the tens digit of w?
1
Let f be 1*(0 - -19) - 1. Suppose -2*p + 15 + 11 = l, -p + 2*l + f = 0. What is the units digit of p?
4
Let b be 18*1/(12/88). Suppose -v - 2*v + b = 0. What is the tens digit of v?
4
Let m(k) be the second derivative of -k**3/6 + 44*k**2 - 2*k. Let t be m(0). Suppose 2*a + 16 = -4*i + 86, -5*i - 2*a + t = 0. What is the tens digit of i?
1
Let h = 48 + 142. What is the units digit of h?
0
Suppose -3*s = -6, 4*a + 0 = -5*s + 2. Suppose 5*v = 30 + 25. Let p = a + v. What is the units digit of p?
9
Suppose -4*q - 171 - 201 = 0. Let r = q - -134. What is the tens digit of r?
4
Suppose 0*t = 4*t - 8. Suppose -3*d + 45 = t*d. What is the units digit of d?
9
Suppose 0 = -4*u + 13 + 7. Suppose 0*h - u*h + 20 = 0. What is the units digit of h?
4
Suppose -2*n + 2*c = 7*c + 28, 4*n - 3*c + 56 = 0. Let u = 41 + n. Let v = u + -16. What is the units digit of v?
1
Suppose 0 = 5*v - 8 + 3. Let o = v + 4. What is the units digit of o?
5
Let y = -2 + 7. Let n(p) = p**3 - 5*p**2 + 4*p - 6. Let j be n(y). What is the units digit of (-2 + 0)*j/(-4)?
7
Suppose 0 = -2*l + 7*l - 15. Let k be (4/2)/(-2) + l. Suppose -4*j = 3*t - 12, t - k*t = 5*j + 7. What is the units digit of t?
8
Let d = 20 - 17. Let p be 8*(1/(-2))/(-1). Suppose r = d*r - p. What is the units digit of r?
2
Let m(y) = y**2 + 4*y - 2. Let g be m(-5). Suppose 3*d - 147 = -g*t, 0 = -2*d + 3*d - 4*t - 24. What is the units digit of d?
4
Let h = 10 + -26. Let v = h - -32. What is the units digit of v?
6
Let b be (-64)/(-36) + (-6)/(-27). Suppose -b*v = 2 - 6. What is the units digit of v?
2
Let k(f) = f**3 - 6*f**2 + 3*f + 1. Let b be k(3). Let y = -5 - b. What is the tens digit of y?
1
Let n = 21 - 12. Let f = n - 2. What is the units digit of f?
7
Let z be (-6)/((-2)/(1 - 0)). Let r = 16 - 4. Suppose -21 = -7*g + z*g + 3*c, r = -g - 5*c. What is the units digit of g?
3
Let y(k) = k + 2. Let l be y(0). Let d = l + -1. What is the units digit of (-2 + 1)*-1 + d?
2
Let l(c) = -14*c**3 + c**2 - c - 1. Let t = -5 + 4. What is the tens digit of l(t)?
1
Suppose 0 = g + 1 - 7. Suppose 5*h - 26 = -g. What is the units digit of h?
4
Suppose -3*t = -0*t - 42. Let y = t + -3. What is the units digit of y?
1
Let t(p) = 1 + 8 - 2*p - p - p. What is the units digit of t(-7)?
7
Suppose 0 = f + 1, 4*f - 50 = 3*g - 4*g. What is the tens digit of g?
5
Let q be 1/(-6) - 214/12. Let g = 31 + q. What is the units digit of g?
3
Let i = 0 + 3. Suppose -i*u - 23 = -4*p, 3*p + u = 16 + 11. What is the units digit of p?
8
Let m(a) = -a**3 + 7*a**2 - 5*a - 5. Let l be 4 - ((0 - -2) + -3). What is the tens digit of m(l)?
2
Let k = 11 + -11. Let w(f) = -f + 9. What is the units digit of w(k)?
9
Suppose -73 = -4*w + 43. Suppose -3*d = -w + 8. What is the units digit of d?
7
Let y = 13 - 2. Let o(w) = w**2 + 6 - 11*w - 5 + 10. What is the units digit of o(y)?
1
Suppose -5*f + 186 = 21. Let w = f - -2. What is the tens digit of w?
3
Let u be (-2)/(-16) + (-63)/56. What is the units digit of (-15)/(-6) + u/(-2)?
3
Let l be -2 + (2 + -4 - -2). Suppose 0 = 5*o - 0 - 10. What is the units digit of (o/2)/(l/(-6))?
3
Suppose -4*p - 1 = l, -2*l + 0*l + 4*p + 10 = 0. Suppose 14 = -k + l*k. What is the units digit of k?
7
Suppose -38 = -3*q - m - m, -m + 54 = 4*q. What is the units digit of q?
4
Let w be -5 + (4/(-2) - -3). Let q = 7 + w. Suppose 30 = -q*d + 6*d. What is the tens digit of d?
1
Let p = 5 + -42. Let o = p - -56. What is the tens digit of o?
1
Suppose y + y - 2*s = 10, 0 = -3*s. Let x(j) = j**3 - 5*j**2 + 2*j - 7. Let n be x(y). Let a = n - 2. What is the units digit of a?
1
Let t(k) = -k**3 + 5*k**2 + 3. Suppose 2*w + 1 = 3*x, -3 = -2*x + 3. What is the units digit of t(w)?
9
Let k = -17 + 18. Let g(a) = 15*a**2 - 1. What is the units digit of g(k)?
4
Suppose -62 - 8 = -5*l + 4*g, -2*l = -5*g - 11. Suppose 2*p + 10 = p. Let f = l + p. What is the units digit of f?
8
Suppose 2*u + 150 = 2*c + 3*u, -3*c + 225 = -2*u. What is the tens digit of c?
7
Let y be (-1)/((5/3)/(-5)). Suppose -27 = y*u - 6*u. What is the units digit of u?
9
Let g(b) = -2*b + 7. Let x be g(6). Let u be 5/4 + x/20. What is the un